 = -31 + 78. Suppose -4*h = -3*z - 145 - 8, 0 = -h - z + f. Suppose 5*n - 17 - h = -q, 2*q = 5*n + 43. Calculate the highest common factor of 204 and q.
34
Let l be (-2)/7 - 256/(-14). Let j = l - 17. What is the highest common factor of 3 and j?
1
Let g(u) = -6*u - 17. Let k = -3 + 13. Suppose -22 - k = 4*i. Let d be g(i). What is the highest common divisor of d and 217?
31
Let s = -18 - -25. Suppose 6 = -b + s. Calculate the greatest common factor of 2 and b.
1
Let u = -244 + 274. Calculate the greatest common factor of u and 50.
10
Let q(v) = 4*v + 1. Let u be q(5). Let f = 1201 - 1187. What is the highest common divisor of u and f?
7
Suppose 12*g - 11*g = 5*f + 57, -5*g = 3*f - 201. Suppose 0*w - 20 = 5*w, -4*d = -3*w - 264. What is the greatest common factor of d and g?
21
Let x(c) be the third derivative of 1/24*c**4 + 1/20*c**5 + 0*c - 2/3*c**3 + 0 - 3*c**2. Let m be x(-3). Calculate the greatest common factor of 140 and m.
20
Suppose 16*k = -11*k + 1296. What is the greatest common divisor of 16 and k?
16
Suppose -49*j = -30*j - 475. What is the greatest common divisor of 1350 and j?
25
Let v be -1*4*(-3 + -16). Let i = -21 + 59. What is the highest common divisor of i and v?
38
Let l be 3/(-9)*(-15 - 0). Suppose -l*f = -6*f + 48. What is the highest common divisor of f and 32?
16
Let i = 2335 - 2254. Calculate the greatest common factor of i and 459.
27
Suppose 8 + 103 = -3*d. Let f = -35 - d. What is the greatest common factor of 6 and f?
2
Let x(f) = 7 + 0*f - 3*f + 0*f + 2*f. Let q = -94 + 89. Let b be x(q). What is the greatest common divisor of b and 84?
12
Let z be (-51)/(-6) - (-1)/(-2). Let m(j) = -54*j - 182. Let q be m(-5). What is the highest common divisor of q and z?
8
Suppose -55*g = -54*g - 30. Let z be (-4)/(-5)*(70 + g). Let j = -36 + 56. What is the highest common divisor of z and j?
20
Let p(g) = g**3 + g**2 + 3*g - 3. Let j be p(2). Suppose -6*h + 4*h + 96 = 0. Suppose -37*v + h*v = 990. Calculate the highest common divisor of v and j.
15
Suppose -6*n = -11*n + 20. Suppose -3*w = -5*p + p + 6, n*p + 3*w = 18. What is the greatest common factor of 21 and p?
3
Let o = 351 - 338. What is the highest common divisor of 5 and o?
1
Let z be (1*-3)/((-2)/36). Let a = z - 32. Let s = 36 - a. What is the highest common factor of s and 14?
14
Suppose 805*s + 140 = 812*s. Calculate the greatest common divisor of 480 and s.
20
Suppose 0 = -6*n + n + 380. Let z be 2*(-3 - (n/(-8) + -1)). Calculate the highest common factor of z and 135.
15
Let c be 4696/104 - (-2)/(-13). Let p = -10 - -26. Let d be (-4)/p*-6*6. Calculate the greatest common factor of c and d.
9
Let r be (-1 - 36/(-14)) + 117/273. What is the greatest common divisor of 34 and r?
2
Let j = -16 + 36. Let r be 0 - 8 - 8880/(-60). Calculate the greatest common factor of r and j.
20
Let j = 1392 + -1248. What is the highest common factor of 96 and j?
48
Suppose 4*w - 2588 = 4*d, 2*w = -5*d - 29 + 1358. What is the highest common divisor of w and 4?
4
Suppose o = 4, y + 0*y - 86 = 2*o. Let s = 9273 + -9226. Calculate the highest common divisor of s and y.
47
Let v(i) = -i**2 - 14*i + 5. Let g be v(-14). Suppose -g*l - 2*h = 160, -h - 7 = -2. Let p be 20/l - 38/(-3). Calculate the highest common factor of p and 132.
12
Suppose 3*f + 5*d = -328, 7*f - 2*f + d = -554. Let r = -97 - f. Calculate the greatest common divisor of 2 and r.
2
Let x = -105 - -732. What is the highest common factor of x and 114?
57
Let m be 3 - -747 - (1 + -1). Calculate the greatest common divisor of m and 30.
30
Let p = 537 + -465. Calculate the greatest common factor of p and 144.
72
Suppose 115*u + 2 = 113*u, -4*u = -3*o + 61. Calculate the greatest common factor of o and 3838.
19
Suppose -k + 1 - 4 = 0. Let j = k - -11. Let z(x) = -19*x - 36. Let h be z(-4). What is the highest common factor of j and h?
8
Suppose 9 = 5*i + 9. Let g = i - -20. What is the highest common factor of g and 50?
10
Suppose -45 = -g + 9. Let s = g + 156. What is the highest common divisor of s and 30?
30
Let w = 1605 - 1469. Calculate the highest common divisor of w and 1836.
68
Let y = 50 - 42. Suppose -y*x + 13*x = 110. What is the greatest common divisor of x and 198?
22
Suppose -r = -3*q + 301, q + 5*r - 7*r - 102 = 0. Let t = 2197 + -2157. What is the highest common factor of t and q?
20
Suppose 0 = r - 13*r - 6084. Let o = r + 727. Calculate the highest common divisor of 20 and o.
20
Suppose -293*x = -275*x - 4662. Calculate the greatest common factor of x and 14.
7
Let g(q) = q**2 - 35*q + 151. Let w be g(30). What is the greatest common divisor of w and 39?
1
Suppose -6*x - 16 = -2*x. Let m be ((-7)/(-2))/(x/(-8)). Suppose 0 = -t + 2*v + 43, -t = 2*t + 3*v - 156. Calculate the greatest common divisor of m and t.
7
Let g be (250/(-35))/(6/(-42)). Calculate the greatest common factor of g and 2650.
50
Suppose 0*s = 4*s. Let x = -1 - -19. Suppose 3*b = w - x, s = 6*w - w - b - 90. What is the greatest common factor of 12 and w?
6
Let p = 3130 + -2925. What is the highest common divisor of p and 287?
41
Suppose -2289 + 19389 = 76*q. Calculate the greatest common factor of 27 and q.
9
Let n(p) = -3*p + 47. Let v = 1 + 14. Let g be n(v). Calculate the greatest common factor of 7 and g.
1
Let i be 0*3/(3 + -9). Suppose -3*t + 13 - 1 = i. Suppose 2*w - 431 = -t*v - w, 2*v - 229 = 3*w. Calculate the greatest common divisor of 10 and v.
10
Let a(z) = 24*z**3 - 21*z**2 + 62*z - 7. Let w be a(3). What is the greatest common divisor of w and 232?
58
Suppose i + 3*v - 102 = 0, -5*i - 6*v + 3*v = -486. Calculate the greatest common divisor of i and 56.
8
Let z(p) = 2*p**3 + 6*p**2 + 5*p + 4. Let x be z(-5). Let a be 4/2 + (-8 - x). Suppose -4*u + a = u. What is the highest common divisor of u and 46?
23
Let t = -27 - -31. Let j(q) = 4*q + 9. Let y be j(t). Calculate the greatest common factor of 175 and y.
25
Suppose 5 = 2*x - 3. Suppose -3*h = -2*z - 19, -x*h - 2*z + 9 = -7. What is the highest common factor of 20 and h?
5
Suppose -71 = -2*x + x. Let p = x + 118. What is the greatest common factor of p and 21?
21
Let n(z) = -z**2 - 19*z + 2. Suppose -5 = 3*h + 19. Let l = -26 - h. Let s be n(l). Calculate the greatest common divisor of 5 and s.
5
Let y(h) = -h**2 - 19*h + 38. Let n be y(-19). Suppose n = 17*p - 15*p. What is the greatest common divisor of p and 19?
19
Suppose 13*u - 927 = 230. Let p = 139 - u. What is the highest common factor of p and 75?
25
Suppose -448 = -3*j - 11*j. What is the highest common factor of 144 and j?
16
Suppose 0 = 4*x - 4, 2*r - 8*x = -4*x + 12. What is the greatest common factor of 5 and r?
1
Let k(o) = 2*o**3 + 2*o**2 - 18*o + 27. Let g be k(4). Calculate the greatest common factor of g and 10.
5
Let d(q) = -21*q - 1. Let o be d(-1). Calculate the greatest common divisor of 220 and o.
20
Let t be 80 + 1 + (-1)/1. Suppose 14*j + 180 = 23*j. Calculate the greatest common divisor of t and j.
20
Suppose 2*l = -6*f + 5*f - 1, -f - l = 0. Let m(j) = 98*j + 2. Let o be m(f). Calculate the highest common divisor of o and 25.
25
Suppose 5*o + 3*j + j + 560 = 0, 0 = o - 2*j + 98. Let s = o - -129. Calculate the highest common divisor of 231 and s.
21
Suppose -9*u + 22 = 4. Suppose u*j = -q + 40, 0 = -2*q + 3*q - 3*j - 60. Let r be (-1)/(2/(48/(-2))). What is the greatest common divisor of q and r?
12
Let s(f) = -f**2 + 25*f + 98. Let n be s(17). What is the greatest common factor of 18 and n?
18
Let l(o) = o**2 - 22*o - 1. Let w be l(24). Suppose 9 + w = g. What is the highest common factor of 8 and g?
8
Let t(s) = -s**3 + 8*s**2 + s - 14. Let z be t(7). Calculate the greatest common divisor of 378 and z.
42
Let w be 2*(-6 - 69/(-6)). What is the highest common factor of 121 and w?
11
Suppose 0 = 4*t - 0*t - 80. Suppose -y - 3*m + t = y, -5*y + 4*m = -50. Calculate the greatest common divisor of 10 and y.
10
Let v be ((-32)/(-20))/(426/105 - 4). Calculate the highest common factor of v and 378.
14
Suppose 14 = -2*m + 3*m. Let i(y) = y - 18. Let g be i(m). Let k be 12 + 0/(-3) - g. What is the highest common factor of k and 144?
16
Let m be ((-6)/10)/((-2)/20). Let c be (-2)/m + 148/12. Let p be (c/(-10))/((-3)/40). Calculate the highest common divisor of p and 48.
16
Let h = 368 - -1114. Cal